{"id":66,"date":"2021-03-10T13:39:47","date_gmt":"2021-03-10T12:39:47","guid":{"rendered":"http:\/\/windrose-beratung.de\/?page_id=66"},"modified":"2021-07-17T08:56:47","modified_gmt":"2021-07-17T06:56:47","slug":"entwurf","status":"publish","type":"page","link":"https:\/\/windrose-beratung.de\/?page_id=66","title":{"rendered":"Angebote"},"content":{"rendered":"\n<div class=\"wp-block-cover alignfull has-nv-c-2-background-color has-background-dim is-position-center-center\" style=\"min-height:575px\"><div class=\"wp-block-cover__inner-container\">\n<div class=\"wp-block-columns alignwide is-layout-flex wp-container-4\">\n<div class=\"wp-block-column is-layout-flow\" style=\"flex-basis:12%\">\n<div style=\"height:100px\" aria-hidden=\"true\" class=\"wp-block-spacer\"><\/div>\n<\/div>\n\n\n\n<div class=\"wp-block-column is-layout-flow\">\n<div style=\"height:100px\" aria-hidden=\"true\" class=\"wp-block-spacer\"><\/div>\n\n\n\n<p class=\"has-text-align-left has-text-color has-large-font-size\" style=\"color:#fffffa;line-height:1.2\">Vergangene Jahre scheinen sichere Jahre zu sein, w\u00e4hrend die Zukunft, wie eine konturlose Wolke, aus der Ferne bedrohlich wirkt. Dringt man in die Wolke ein, so klart sie auf.<\/p>\n\n\n\n<p class=\"has-nv-site-bg-color has-text-color\">BERYL MARKHAM<\/p>\n\n\n\n<div style=\"height:100px\" aria-hidden=\"true\" class=\"wp-block-spacer\"><\/div>\n<\/div>\n\n\n\n<div class=\"wp-block-column is-layout-flow\" style=\"flex-basis:12%\">\n<div style=\"height:100px\" aria-hidden=\"true\" class=\"wp-block-spacer\"><\/div>\n<\/div>\n<\/div>\n<\/div><\/div>\n\n\n\n<div style=\"height:120px\" aria-hidden=\"true\" class=\"wp-block-spacer\"><\/div>\n\n\n\n<div class=\"wp-block-columns alignfull is-layout-flex wp-container-23\">\n<div class=\"wp-block-column is-layout-flow\">\n<p class=\"has-text-align-right\"><\/p>\n<\/div>\n\n\n\n<div class=\"wp-block-column is-layout-flow\" style=\"flex-basis:50%\">\n<p><strong>Meine Angebote<\/strong><\/p>\n\n\n\n<h2 class=\"wp-block-heading\">Lebensberatung<\/h2>\n\n\n\n<div class=\"wp-block-group\"><div class=\"wp-block-group__inner-container is-layout-flow\">\n<div class=\"wp-block-group\"><div class=\"wp-block-group__inner-container is-layout-flow\">\n<div class=\"wp-block-group\"><div class=\"wp-block-group__inner-container is-layout-flow\">\n<ul><li>Trennung &#8211; und was nun?<\/li><li>Bleiben oder neu anfangen?<\/li><li>Neuorientierung &#8211; was ist mein Potential?<\/li><li>Die Kinder sind aus dem Haus, neue Ziele noch nicht in Sicht?<\/li><\/ul>\n\n\n\n<p><\/p>\n\n\n\n<div class=\"wp-block-buttons is-layout-flex\">\n<div class=\"wp-block-button has-custom-width wp-block-button__width-25 is-style-primary\"><a class=\"wp-block-button__link\" href=\"https:\/\/windrose-beratung.de\/angebot\/lebensberatung\/\" rel=\"lebensbertung\">Mehr Erfahren<\/a><\/div>\n<\/div>\n\n\n\n<hr class=\"wp-block-separator has-text-color has-background has-nv-light-bg-background-color has-nv-light-bg-color is-style-wide\"\/>\n<\/div><\/div>\n<\/div><\/div>\n\n\n\n<p><\/p>\n<\/div><\/div>\n\n\n\n<p><\/p>\n\n\n\n<h2 class=\"wp-block-heading\">Kommunikationstraining<\/h2>\n\n\n\n<p>In Zusammenarbeit mit&nbsp;<a href=\"http:\/\/www.hassberglama.de\/\">www.Ha\u00dfberglama.de<\/a>. Wunderbare Lehrmeister nonverbaler Kommunikation laden ein zu unvergesslicher Erfahrung.<\/p>\n\n\n\n<div class=\"wp-block-buttons is-layout-flex\">\n<div class=\"wp-block-button has-custom-width wp-block-button__width-25 is-style-primary\"><a class=\"wp-block-button__link\" href=\" www.Ha\u00dfberglama.de. \">Mehr Erfahren<\/a><\/div>\n<\/div>\n\n\n\n<hr class=\"wp-block-separator has-text-color has-background has-nv-light-bg-background-color has-nv-light-bg-color is-style-wide\"\/>\n\n\n\n<p><\/p>\n\n\n\n<h2 class=\"wp-block-heading\">Camel Experience<\/h2>\n\n\n\n<p>In Zusammenarbeit mit <a href=\"http:\/\/www.hassberglama.de\/\">Ha\u00dfberglama<\/a>s&nbsp;&nbsp;und Ha\u00dfbergkamele &#8211; tiergest\u00fctztes coaching der ganz besonderen Art.<\/p>\n\n\n\n<div class=\"wp-block-buttons is-layout-flex\">\n<div class=\"wp-block-button has-custom-width wp-block-button__width-25 is-style-primary\"><a class=\"wp-block-button__link\">Mehr Erfahren<\/a><\/div>\n<\/div>\n\n\n\n<hr class=\"wp-block-separator has-text-color has-background has-nv-light-bg-background-color has-nv-light-bg-color is-style-wide\"\/>\n\n\n\n<p><\/p>\n\n\n\n<h2 class=\"wp-block-heading\">Paarberatung<\/h2>\n\n\n\n<p>Nach der ersten Zeit der Verliebtheit&nbsp;tauchen nun Probleme auf in Ihrer Partnerschaft? Das ist normal. Probleme lassen sich l\u00f6sen, der erste&nbsp;Schritt ist eine ehrliche, pr\u00e4zise Analyse des Ist-Zustandes.&nbsp;<\/p>\n\n\n\n<div class=\"wp-block-buttons is-layout-flex\">\n<div class=\"wp-block-button has-custom-width wp-block-button__width-25 is-style-primary\"><a class=\"wp-block-button__link\" href=\"https:\/\/windrose-beratung.de\/paarberatung\/\">Mehr Erfahren<\/a><\/div>\n<\/div>\n\n\n\n<div class=\"wp-block-columns is-layout-flex wp-container-20\">\n<div class=\"wp-block-column is-layout-flow\">\n<hr class=\"wp-block-separator has-text-color has-background has-nv-light-bg-background-color has-nv-light-bg-color is-style-wide\"\/>\n\n\n\n<p><\/p>\n\n\n\n<h2 class=\"wp-block-heading\">Achtsamkeitstraining in der Natur<\/h2>\n\n\n\n<p>Meine Mischung aus&nbsp;<strong>Meditation&nbsp;<\/strong>und<strong>&nbsp;Achtsamkeitstraining in der Natur&nbsp;<\/strong>(nach Charlotte Selver) wirkt wie ein&nbsp;<strong>Kurzurlaub.<\/strong><br>Wir treffen uns an einem Wanderparkplatz und trainieren an deinem jetzigen oder zuk\u00fcnftigen Lieblingsort.<\/p>\n\n\n\n<div class=\"wp-block-buttons is-layout-flex\">\n<div class=\"wp-block-button has-custom-width wp-block-button__width-25 is-style-primary\"><a class=\"wp-block-button__link\" href=\"https:\/\/windrose-beratung.de\/achtsamkeitstraining-in-der-natur\/\">Mehr Erfahren<\/a><\/div>\n<\/div>\n\n\n\n<hr class=\"wp-block-separator has-text-color has-background has-nv-light-bg-background-color has-nv-light-bg-color is-style-wide\"\/>\n\n\n\n<div class=\"wp-block-columns is-layout-flex wp-container-18\">\n<div class=\"wp-block-column is-layout-flow\">\n<div class=\"wp-block-columns is-layout-flex wp-container-16\">\n<div class=\"wp-block-column is-layout-flow\">\n<p><\/p>\n\n\n\n<p><\/p>\n\n\n\n<h2 class=\"wp-block-heading\">Event 4u: ungew\u00f6hnlich ermutigend<\/h2>\n\n\n\n<p>Ungew\u00f6hnlich ermutigend: eine Verbindung aus kreativen \u00dcbungen, Musik, ausgew\u00e4hlten Texten, inspirierender Naturerfahrung und einem Tick \u00dcberraschung bringt dich in eine ungewohnte Situation, schenkt dir einen neuen Blick auf dich selbst und regt dich an. Wie w\u00e4re es,&nbsp;&#8230;..<\/p>\n\n\n\n<div class=\"wp-block-buttons is-layout-flex\">\n<div class=\"wp-block-button has-custom-width wp-block-button__width-25 is-style-primary\"><a class=\"wp-block-button__link\" href=\"https:\/\/windrose-beratung.de\/event-4u-ungewoehnlich-ermutigend\/\" rel=\"Event 4u: ungew\u00f6hnlich ermutigend\">Mehr Erfahren<\/a><\/div>\n<\/div>\n<\/div>\n<\/div>\n<\/div>\n<\/div>\n<\/div>\n<\/div>\n<\/div>\n\n\n\n<div class=\"wp-block-column is-layout-flow\"><\/div>\n<\/div>\n\n\n\n<hr class=\"wp-block-separator is-style-default\"\/>\n\n\n\n<p><\/p>\n","protected":false},"excerpt":{"rendered":"<p>Meine Angebote Lebensberatung Trennung &#8211; und was nun? Bleiben oder neu anfangen? Neuorientierung &#8211; was ist mein Potential? Die Kinder sind aus dem Haus, neue Ziele noch nicht in Sicht? Kommunikationstraining In Zusammenarbeit mit&nbsp;www.Ha\u00dfberglama.de. Wunderbare Lehrmeister nonverbaler Kommunikation laden ein zu unvergesslicher Erfahrung. Camel Experience In Zusammenarbeit mit Ha\u00dfberglamas&nbsp;&nbsp;und Ha\u00dfbergkamele &#8211; tiergest\u00fctztes coaching der ganz&hellip;&nbsp;<a href=\"https:\/\/windrose-beratung.de\/?page_id=66\" class=\"\" rel=\"bookmark\">Weiterlesen &raquo;<span class=\"screen-reader-text\">Angebote<\/span><\/a><\/p>\n","protected":false},"author":3,"featured_media":0,"parent":0,"menu_order":0,"comment_status":"closed","ping_status":"closed","template":"","meta":{"neve_meta_sidebar":"full-width","neve_meta_container":"full-width","neve_meta_enable_content_width":"on","neve_meta_content_width":80,"neve_meta_title_alignment":"left","neve_meta_author_avatar":"","neve_post_elements_order":"","neve_meta_disable_header":"","neve_meta_disable_footer":"","neve_meta_disable_title":"on"},"yoast_head":"<!-- This site is optimized with the Yoast SEO plugin v20.7 - https:\/\/yoast.com\/wordpress\/plugins\/seo\/ -->\n<title>Angebote - Psychologische Beratungspraxis Windrose<\/title>\n<meta name=\"robots\" content=\"index, follow, max-snippet:-1, max-image-preview:large, max-video-preview:-1\" \/>\n<link rel=\"canonical\" href=\"https:\/\/windrose-beratung.de\/?page_id=66\" \/>\n<meta property=\"og:locale\" content=\"de_DE\" \/>\n<meta property=\"og:type\" content=\"article\" \/>\n<meta property=\"og:title\" content=\"Angebote - Psychologische Beratungspraxis Windrose\" \/>\n<meta property=\"og:description\" content=\"Meine Angebote Lebensberatung Trennung &#8211; und was nun? Bleiben oder neu anfangen? Neuorientierung &#8211; was ist mein Potential? Die Kinder sind aus dem Haus, neue Ziele noch nicht in Sicht? Kommunikationstraining In Zusammenarbeit mit&nbsp;www.Ha\u00dfberglama.de. Wunderbare Lehrmeister nonverbaler Kommunikation laden ein zu unvergesslicher Erfahrung. Camel Experience In Zusammenarbeit mit Ha\u00dfberglamas&nbsp;&nbsp;und Ha\u00dfbergkamele &#8211; tiergest\u00fctztes coaching der ganz&hellip;&nbsp;Weiterlesen &raquo;Angebote\" \/>\n<meta property=\"og:url\" content=\"https:\/\/windrose-beratung.de\/?page_id=66\" \/>\n<meta property=\"og:site_name\" content=\"Psychologische Beratungspraxis Windrose\" \/>\n<meta property=\"article:modified_time\" content=\"2021-07-17T06:56:47+00:00\" \/>\n<meta name=\"twitter:card\" content=\"summary_large_image\" \/>\n<meta name=\"twitter:label1\" content=\"Gesch\u00e4tzte Lesezeit\" \/>\n\t<meta name=\"twitter:data1\" content=\"1\u00a0Minute\" \/>\n<script type=\"application\/ld+json\" class=\"yoast-schema-graph\">{\"@context\":\"https:\/\/schema.org\",\"@graph\":[{\"@type\":\"WebPage\",\"@id\":\"https:\/\/windrose-beratung.de\/?page_id=66\",\"url\":\"https:\/\/windrose-beratung.de\/?page_id=66\",\"name\":\"Angebote - Psychologische Beratungspraxis Windrose\",\"isPartOf\":{\"@id\":\"https:\/\/windrose-beratung.de\/#website\"},\"datePublished\":\"2021-03-10T12:39:47+00:00\",\"dateModified\":\"2021-07-17T06:56:47+00:00\",\"breadcrumb\":{\"@id\":\"https:\/\/windrose-beratung.de\/?page_id=66#breadcrumb\"},\"inLanguage\":\"de\",\"potentialAction\":[{\"@type\":\"ReadAction\",\"target\":[\"https:\/\/windrose-beratung.de\/?page_id=66\"]}]},{\"@type\":\"BreadcrumbList\",\"@id\":\"https:\/\/windrose-beratung.de\/?page_id=66#breadcrumb\",\"itemListElement\":[{\"@type\":\"ListItem\",\"position\":1,\"name\":\"Startseite\",\"item\":\"https:\/\/windrose-beratung.de\/\"},{\"@type\":\"ListItem\",\"position\":2,\"name\":\"Angebote\"}]},{\"@type\":\"WebSite\",\"@id\":\"https:\/\/windrose-beratung.de\/#website\",\"url\":\"https:\/\/windrose-beratung.de\/\",\"name\":\"Psychologische Beratungspraxis Windrose\",\"description\":\"Dipl.P\u00e4d.\/Psych. Sigrun Wunderlich\",\"publisher\":{\"@id\":\"https:\/\/windrose-beratung.de\/#organization\"},\"potentialAction\":[{\"@type\":\"SearchAction\",\"target\":{\"@type\":\"EntryPoint\",\"urlTemplate\":\"https:\/\/windrose-beratung.de\/?s={search_term_string}\"},\"query-input\":\"required name=search_term_string\"}],\"inLanguage\":\"de\"},{\"@type\":\"Organization\",\"@id\":\"https:\/\/windrose-beratung.de\/#organization\",\"name\":\"Psychologische Beratungspraxis Windrose\",\"url\":\"https:\/\/windrose-beratung.de\/\",\"logo\":{\"@type\":\"ImageObject\",\"inLanguage\":\"de\",\"@id\":\"https:\/\/windrose-beratung.de\/#\/schema\/logo\/image\/\",\"url\":\"https:\/\/windrose-beratung.de\/wp-content\/uploads\/2021\/05\/windrose-logo.png\",\"contentUrl\":\"https:\/\/windrose-beratung.de\/wp-content\/uploads\/2021\/05\/windrose-logo.png\",\"width\":520,\"height\":519,\"caption\":\"Psychologische Beratungspraxis Windrose\"},\"image\":{\"@id\":\"https:\/\/windrose-beratung.de\/#\/schema\/logo\/image\/\"}}]}<\/script>\n<!-- \/ Yoast SEO plugin. -->","yoast_head_json":{"title":"Angebote - Psychologische Beratungspraxis Windrose","robots":{"index":"index","follow":"follow","max-snippet":"max-snippet:-1","max-image-preview":"max-image-preview:large","max-video-preview":"max-video-preview:-1"},"canonical":"https:\/\/windrose-beratung.de\/?page_id=66","og_locale":"de_DE","og_type":"article","og_title":"Angebote - Psychologische Beratungspraxis Windrose","og_description":"Meine Angebote Lebensberatung Trennung &#8211; und was nun? Bleiben oder neu anfangen? Neuorientierung &#8211; was ist mein Potential? Die Kinder sind aus dem Haus, neue Ziele noch nicht in Sicht? Kommunikationstraining In Zusammenarbeit mit&nbsp;www.Ha\u00dfberglama.de. Wunderbare Lehrmeister nonverbaler Kommunikation laden ein zu unvergesslicher Erfahrung. Camel Experience In Zusammenarbeit mit Ha\u00dfberglamas&nbsp;&nbsp;und Ha\u00dfbergkamele &#8211; tiergest\u00fctztes coaching der ganz&hellip;&nbsp;Weiterlesen &raquo;Angebote","og_url":"https:\/\/windrose-beratung.de\/?page_id=66","og_site_name":"Psychologische Beratungspraxis Windrose","article_modified_time":"2021-07-17T06:56:47+00:00","twitter_card":"summary_large_image","twitter_misc":{"Gesch\u00e4tzte Lesezeit":"1\u00a0Minute"},"schema":{"@context":"https:\/\/schema.org","@graph":[{"@type":"WebPage","@id":"https:\/\/windrose-beratung.de\/?page_id=66","url":"https:\/\/windrose-beratung.de\/?page_id=66","name":"Angebote - Psychologische Beratungspraxis Windrose","isPartOf":{"@id":"https:\/\/windrose-beratung.de\/#website"},"datePublished":"2021-03-10T12:39:47+00:00","dateModified":"2021-07-17T06:56:47+00:00","breadcrumb":{"@id":"https:\/\/windrose-beratung.de\/?page_id=66#breadcrumb"},"inLanguage":"de","potentialAction":[{"@type":"ReadAction","target":["https:\/\/windrose-beratung.de\/?page_id=66"]}]},{"@type":"BreadcrumbList","@id":"https:\/\/windrose-beratung.de\/?page_id=66#breadcrumb","itemListElement":[{"@type":"ListItem","position":1,"name":"Startseite","item":"https:\/\/windrose-beratung.de\/"},{"@type":"ListItem","position":2,"name":"Angebote"}]},{"@type":"WebSite","@id":"https:\/\/windrose-beratung.de\/#website","url":"https:\/\/windrose-beratung.de\/","name":"Psychologische Beratungspraxis Windrose","description":"Dipl.P\u00e4d.\/Psych. Sigrun Wunderlich","publisher":{"@id":"https:\/\/windrose-beratung.de\/#organization"},"potentialAction":[{"@type":"SearchAction","target":{"@type":"EntryPoint","urlTemplate":"https:\/\/windrose-beratung.de\/?s={search_term_string}"},"query-input":"required name=search_term_string"}],"inLanguage":"de"},{"@type":"Organization","@id":"https:\/\/windrose-beratung.de\/#organization","name":"Psychologische Beratungspraxis Windrose","url":"https:\/\/windrose-beratung.de\/","logo":{"@type":"ImageObject","inLanguage":"de","@id":"https:\/\/windrose-beratung.de\/#\/schema\/logo\/image\/","url":"https:\/\/windrose-beratung.de\/wp-content\/uploads\/2021\/05\/windrose-logo.png","contentUrl":"https:\/\/windrose-beratung.de\/wp-content\/uploads\/2021\/05\/windrose-logo.png","width":520,"height":519,"caption":"Psychologische Beratungspraxis Windrose"},"image":{"@id":"https:\/\/windrose-beratung.de\/#\/schema\/logo\/image\/"}}]}},"_links":{"self":[{"href":"https:\/\/windrose-beratung.de\/index.php?rest_route=\/wp\/v2\/pages\/66"}],"collection":[{"href":"https:\/\/windrose-beratung.de\/index.php?rest_route=\/wp\/v2\/pages"}],"about":[{"href":"https:\/\/windrose-beratung.de\/index.php?rest_route=\/wp\/v2\/types\/page"}],"author":[{"embeddable":true,"href":"https:\/\/windrose-beratung.de\/index.php?rest_route=\/wp\/v2\/users\/3"}],"replies":[{"embeddable":true,"href":"https:\/\/windrose-beratung.de\/index.php?rest_route=%2Fwp%2Fv2%2Fcomments&post=66"}],"version-history":[{"count":104,"href":"https:\/\/windrose-beratung.de\/index.php?rest_route=\/wp\/v2\/pages\/66\/revisions"}],"predecessor-version":[{"id":2590,"href":"https:\/\/windrose-beratung.de\/index.php?rest_route=\/wp\/v2\/pages\/66\/revisions\/2590"}],"wp:attachment":[{"href":"https:\/\/windrose-beratung.de\/index.php?rest_route=%2Fwp%2Fv2%2Fmedia&parent=66"}],"curies":[{"name":"wp","href":"https:\/\/api.w.org\/{rel}","templated":true}]}}